d 2112?
1056
What is the greatest common divisor of 3525 and 29400?
75
Calculate the greatest common factor of 414 and 2088.
18
What is the greatest common factor of 90 and 28530?
90
Calculate the highest common divisor of 383 and 4213.
383
Calculate the greatest common factor of 48 and 358.
2
Calculate the highest common factor of 1186404 and 24.
12
What is the highest common factor of 35121 and 828?
69
Calculate the highest common divisor of 55062 and 252.
126
What is the greatest common divisor of 65 and 421109?
13
What is the highest common factor of 318 and 1455592?
106
Calculate the highest common divisor of 23133 and 66.
33
What is the greatest common factor of 2561832 and 476?
476
What is the highest common factor of 85941 and 216?
27
Calculate the greatest common divisor of 492 and 95196.
12
Calculate the highest common factor of 2079 and 5355.
63
What is the highest common divisor of 27650 and 44800?
350
What is the greatest common divisor of 85101 and 171?
57
Calculate the highest common factor of 3569 and 166.
83
What is the highest common factor of 64 and 21232?
16
What is the highest common divisor of 979 and 209?
11
Calculate the greatest common divisor of 9850 and 21500.
50
What is the greatest common divisor of 169476 and 1131?
87
What is the highest common divisor of 6888306 and 2532?
1266
What is the highest common divisor of 1223017 and 932?
233
Calculate the highest common factor of 684 and 511803.
171
Calculate the highest common divisor of 23530 and 80.
10
Calculate the greatest common factor of 5453 and 37392.
779
What is the greatest common divisor of 235 and 965?
5
Calculate the highest common divisor of 295515 and 225.
45
Calculate the highest common divisor of 8086 and 109472.
622
What is the highest common divisor of 2799256 and 16?
8
Calculate the highest common factor of 574890 and 45.
15
What is the greatest common divisor of 1296 and 189?
27
Calculate the greatest common factor of 285 and 108.
3
Calculate the greatest common factor of 57528 and 376.
376
What is the greatest common divisor of 75 and 2775?
75
Calculate the greatest common factor of 6181795 and 170.
85
What is the highest common factor of 12238881 and 1317?
1317
What is the greatest common factor of 7744 and 32384?
704
What is the highest common divisor of 797 and 3389641?
797
What is the highest common divisor of 51 and 43588?
17
Calculate the greatest common factor of 1512 and 38664.
216
Calculate the greatest common divisor of 19950 and 49.
7
What is the greatest common factor of 297 and 1593?
27
What is the greatest common factor of 330 and 23610?
30
Calculate the greatest common divisor of 263 and 12361.
263
What is the highest common divisor of 376 and 12241996?
188
What is the highest common divisor of 460 and 2268260?
460
What is the highest common factor of 256 and 1408?
128
What is the greatest common factor of 634 and 434607?
317
Calculate the highest common divisor of 1078 and 14542.
22
Calculate the highest common factor of 410476 and 25916.
836
What is the greatest common factor of 540 and 12123?
27
Calculate the highest common divisor of 3366 and 2838.
66
Calculate the greatest common factor of 1856161 and 327.
109
What is the greatest common factor of 275 and 7601?
11
What is the greatest common divisor of 23947 and 1555?
311
What is the greatest common divisor of 192 and 15384?
24
What is the highest common divisor of 114318 and 803?
73
Calculate the highest common divisor of 2816 and 3256.
88
Calculate the greatest common factor of 68475 and 332.
83
Calculate the greatest common factor of 48074 and 104.
26
What is the highest common factor of 2 and 4702?
2
Calculate the greatest common divisor of 248393 and 139.
139
Calculate the greatest common factor of 9686508 and 26.
26
What is the highest common factor of 44736 and 312?
24
Calculate the highest common divisor of 276 and 929476.
92
What is the greatest common divisor of 339080 and 560?
280
Calculate the greatest common factor of 8980 and 180.
20
What is the highest common factor of 11222 and 310?
62
Calculate the greatest common factor of 11834 and 52338.
122
What is the highest common divisor of 547123 and 633?
211
What is the highest common divisor of 158327 and 247?
247
What is the highest common factor of 55347 and 7467?
57
Calculate the highest common factor of 35357 and 14.
7
Calculate the highest common divisor of 99 and 8789.
11
What is the greatest common divisor of 147 and 111769?
49
Calculate the greatest common divisor of 65 and 12454.
13
Calculate the greatest common divisor of 348088 and 832.
104
Calculate the highest common factor of 56 and 1701032.
8
Calculate the greatest common factor of 40 and 19410.
10
What is the highest common factor of 40455 and 783?
261
Calculate the greatest common divisor of 19 and 879301.
19
What is the highest common factor of 751 and 463367?
751
What is the greatest common factor of 42 and 3579?
3
What is the highest common divisor of 19695 and 1872?
39
Calculate the greatest common divisor of 18725583 and 57.
57
Calculate the highest common divisor of 317156 and 94.
94
Calculate the greatest common factor of 567882 and 126.
126
What is the highest common divisor of 28314 and 43290?
234
What is the highest common divisor of 40 and 55940?
20
What is the highest common factor of 462 and 52206?
462
Calculate the highest common factor of 10460 and 940.
20
Calculate the highest common divisor of 864 and 1854.
18
What is the highest common factor of 2018475 and 25?
25
Calculate the highest common divisor of 739770 and 12.
6
What is the highest common divisor of 182 and 38766?
182
What is the highest common factor of 15 and 90360?
15
What is the highest common factor of 8230160 and 32?
16
Calculate the greatest common factor of 17567 and 407.
11
Calculate the greatest common divisor of 41377 and 3059.
161
Calculate the highest common factor of 49 and 22883.
49
Calculate the highest common factor of 6784 and 896.
128
What is the highest common divisor of 17563 and 4824807?
2509
Calculate the highest common factor of 1275116 and 382.
382
What is the highest common divisor of 23 and 290260?
23
What is the greatest common divisor of 328 and 23411?
41
Calculate the greatest common factor of 30434 and 2.
2
Calculate the highest common factor of 254220 and 190.
190
Calculate the highest common factor of 12561 and 43884.
159
Calculate the greatest common factor of 44 and 1312586.
22
What is the greatest common factor of 209880 and 14652?
396
Calculate the greatest common factor of 33 and 865821.
33
What is the highest common divisor of 12366 and 73738?
458
Calculate the highest common factor of 19594 and 9494.
202
What is the highest common divisor of 670 and 310?
10
Calculate the greatest common factor of 352 and 14016.
32
What is the highest common divisor of 945507 and 483?
69
What is the greatest common factor of 17810 and 7670?
130
What is the highest common divisor of 1958039 and 244?
61
Calculate the greatest common factor of 3885 and 13755.
105
Calculate the greatest common factor of 1383848 and 56.
8
What is the greatest common factor of 59732 and 1308?
436
What is the highest common factor of 6970 and 323?
17
What is the greatest common divisor of 1572362 and 22?
22
What is the highest common divisor of 11 and 956846?
11
What is the highest common factor of 32 and 851824?
16
Calculate the greatest common divisor of 4527888 and 96.
48
Calculate the highest common factor of 441679 and 7.
7
Calculate the highest common divisor of 33696 and 405.
81
What is the highest common divisor of 815408 and 123?
41
Calculate the highest common factor of 31623 and 1494.
249
Calculate the highest common factor of 3295 and 5.
5
What is the highest common factor of 9 and 183?
3
Calculate the highest common divisor of 2 and 3119.
1
Calculate the greatest common divisor of 1683 and 83589.
561
Calculate the greatest common divisor of 3 and 13155.
3
What is the greatest common factor of 6810 and 270?
30
Calculate the highest common divisor of 140561 and 4979.
383
What is the highest common divisor of 5705 and 4900?
35
Calculate the highest common factor of 28509 and 473.
43
Calculate the highest common factor of 22666 and 28.
14
Calculate the greatest c